y (6 + -2)/2*10.
18
Let s be (-25)/5*(-4)/10. Suppose -g - s*u + 3*u = -23, 4*u - 52 = -4*g. Calculate the remainder when (-1)/(-2) + (-885)/(-10) is divided by g.
17
Let g(m) = m**3 - 8*m**2 - 4*m - 36. What is the remainder when g(11) is divided by 131?
21
Let x(h) = -13*h**2 + 787*h - 87. Calculate the remainder when x(60) is divided by 7.
4
Suppose 0 = c - j - 5, -2*c + 1 + 5 = -j. Let p = -27 + 30. Calculate the remainder when (-2)/c + 280/20 is divided by p.
0
Suppose 190*z - 191*z + 70 = 0. Let p = z - 74. What is the remainder when (p + 5)/(-3*(-2)/258) is divided by 16?
11
Suppose 0*z = z - 204. Suppose -s = s - z. Let v = 229289 + -229262. Calculate the remainder when s is divided by v.
21
Let v be (-2 + 3)/(-1*(-6)/13866). Suppose v - 5730 = -13*o. What is the remainder when o is divided by 11?
10
Let x(o) = -2*o**3 - 6*o**2 + 19*o - 22. Let q be x(12). Calculate the remainder when (1/2)/((-17)/q) is divided by 9.
4
Let d(k) = 2*k**2 - 11*k + 3. Suppose -6*c + 29 = 5. Let l be d(c). Calculate the remainder when 50 is divided by 9/(l/2) + 20.
14
Let d be (-35 - -37)*(-255)/(-2). Let n = 287 - d. What is the remainder when 62 is divided by n?
30
Suppose 4*r - 7 = 5. Suppose -d - 3*n = -18, -4*d + 15 = -3*n + 18. Suppose 9 = d*k + r. Calculate the remainder when 6 is divided by k.
0
Let z(x) = -9*x**2 - 5*x + x**3 + 0 + 25*x + 14 - 4. Calculate the remainder when 25 is divided by z(5).
5
Let k(r) = 84*r**2 + 162*r - 500. Calculate the remainder when k(3) is divided by 34.
28
Let m(h) = h**3 + 56*h**2 + 104*h - 54. What is the remainder when m(-54) is divided by 60?
42
Let b = 223 + -84. Suppose 3*f + 2*f + 2*k = 361, 0 = -2*f + k + b. What is the remainder when f is divided by 22?
5
Suppose -g = 2*x + 1763, 3*x - 608 = 4*g - 3225. Let j = -563 - x. Calculate the remainder when j is divided by 11.
8
Suppose 5*b - 52 = b. Suppose -17*h + 96 = 7*h. Suppose -2*f - h*q + 92 = 0, -2*f = -3*f + 5*q + 11. Calculate the remainder when f is divided by b.
10
Let w(a) = 32*a + 1. Let l be w(3). Let u = l - 29. Let p = -58 + u. Calculate the remainder when 19 is divided by p.
9
Suppose 4*o - 2*r - 1178 = 0, -5*o + 4*r - 5*r = -1448. Calculate the remainder when o is divided by (-1 - (-37)/(-5))*-5.
39
Suppose -25 = -30*m + 65. Suppose 4*w + 77 = 3*u, -5*u + 135 = -2*w - m*w. Calculate the remainder when 309 is divided by u.
30
Let c be (-21)/(-3) + (-1 - 1). Suppose 0 = -c*i - 78 + 833. Suppose 3*u - 4*g - i = -2*u, 2*g = 2. Calculate the remainder when u is divided by 18.
13
Let w be 12/(-4) + 2 + -282. Let f = -250 - w. Calculate the remainder when f is divided by 5.
3
Suppose 0 = -3*v - 0*v - 3. Let m be ((-46)/(-4))/(v/(-4)). Suppose 4*k + q = 152, -2*k - 5*q + m = -48. Calculate the remainder when k is divided by 4.
1
Suppose 0 = 19*x + 306 - 420. Let b be (-2)/(-1) - (-44 - 3). Suppose 4*h + b = 357. Calculate the remainder when h is divided by x.
5
Let v = -26861 - -27046. Calculate the remainder when 9985 is divided by v.
180
What is the remainder when (-3548)/(-16) + (-16)/(-64) is divided by 24?
6
Let j be (-8235)/810 + (-1)/6*-1. Let h(z) = -30*z - 267. What is the remainder when 58 is divided by h(j)?
25
Let x(m) = -m**3 - 4*m**2 + 4*m + 85. Calculate the remainder when 243 is divided by x(0).
73
Suppose -4*g + 12*g - 1224 = 0. What is the remainder when g is divided by (5/(-3))/(-1) + (-4599)/(-189)?
23
Let h(r) = 56 - 2*r**2 - 25 + 73*r + 4*r**2 - 82*r. What is the remainder when h(8) is divided by 22?
21
Let z(a) = -a**3 + 8*a**2 - 7*a - 18. Let j(h) = h**3 + 29*h**2 + 2. What is the remainder when z(6) is divided by j(-29)?
0
Suppose 3*w - 5*w = -2*i + 156, 0 = -w - 3. What is the remainder when (4/(-4) - -2)*i is divided by 30?
15
Suppose 9*j + 762 - 8550 = -2*j. What is the remainder when j is divided by 31?
26
Let k = 5714 - 5659. What is the remainder when 9789 is divided by k?
54
Suppose -3*v + 4 = -2*v, 3*v + 747 = 3*l. Suppose -l - 83 = -3*a. Suppose -5*o - 5*c + 31 = -109, 4*o = 4*c + a. What is the remainder when 83 is divided by o?
27
Suppose -6*o = -11*o + 75. Suppose 0 = -34*n + 39*n - o. Suppose -3 + 5 = b + 3*i, 21 = n*b + 4*i. Calculate the remainder when 74 is divided by b.
8
Let k be (-854)/35 - (-6)/15. Let p = k + 18. What is the remainder when -62*(-1 - 3/p) is divided by 11?
9
Suppose -2*t + 5 = 3*t. Suppose 3*q + t = 2*q, 4*c - 60 = -4*q. Calculate the remainder when c is divided by 10.
6
Let c = -3147 - -3205. Calculate the remainder when 531 is divided by c.
9
Suppose -3*s = 4*b - 2776, 5*b = 5*s - 6458 + 1773. What is the remainder when s is divided by 156?
152
Let c = -27 + 56. Calculate the remainder when (10/4)/(31 - 40 - (-470)/52) is divided by c.
7
Suppose -5*u + 2*u - 4*v - 1045 = 0, -335 = u - 2*v. Let l = u - -356. What is the remainder when 543 is divided by l?
10
Suppose -4*b + 2*t + 1422 = 0, t - 492 = -493. Calculate the remainder when b is divided by 12.
7
Let t = -1493 + 1655. What is the remainder when 644 is divided by t?
158
Let w be 322*(2/(-4))/(0 - -1). Let d = 287 + w. Calculate the remainder when d is divided by 32.
30
Suppose -143 = 4*i - 7. Let d(x) = -12*x - 8. Let f be d(1). Let m = f - i. What is the remainder when 55 is divided by m?
13
Let v = 244 + -120. Suppose 231 = -15*n + 636. Suppose n*r + 840 = 67*r. What is the remainder when v is divided by r?
19
Let l be ((-34)/(-10))/(1/5). Let o = 24 - l. What is the remainder when 11 - 0/(-2) - -120 is divided by o?
5
Let r = 8239 - 8098. What is the remainder when 4368 is divided by r?
138
Suppose -135 = -x + 107 + 127. What is the remainder when 1110 is divided by x?
3
Let j(f) = -8*f**3 + 3*f**2 - 1. Let v be j(4). Let m = v - -848. What is the remainder when m is divided by 11?
9
Let r be (-6)/(-15)*3*(-10)/(-3). Suppose -5*y + r*l = -48, y - 34 = -2*y + 5*l. What is the remainder when y is divided by 3?
2
Suppose 62*j - 1577 - 159 = 0. Calculate the remainder when 587 is divided by j.
27
Suppose 3*k + 410 = 5*z - 989, 3*z + 2*k - 828 = 0. What is the remainder when z is divided by 128?
22
Let j(b) = -39*b + 564. What is the remainder when j(9) is divided by 210?
3
What is the remainder when -409 + 437 - 9768/(-1) is divided by 350?
346
Let l(f) = 2*f**3 + 37*f**2 - 2*f + 334. Calculate the remainder when 1923 is divided by l(-19).
9
Suppose -5*r + 271 = 2*x, -760 = -5*r + 4*x - 447. What is the remainder when 345 is divided by r?
3
Suppose -6*l - 13*l + 209 = 0. What is the remainder when (l/3 + -2)/((-46)/(-4278)) is divided by 78?
77
Let f(j) = 8*j**2 + 220*j - 1798. Calculate the remainder when f(9) is divided by 284.
262
Suppose 0 = -46*r + 59*r - 2106. Calculate the remainder when r is divided by 66.
30
Suppose 0 = -3*j - a + 6 - 1, 5*a = -20. Suppose 0 = -4*t - 3*u, 3 = 5*t + 6*u - j*u. Suppose -z = -t - 19. What is the remainder when z is divided by 8?
6
Suppose -25366 = 25*k - 26241. What is the remainder when 1397 is divided by k?
32
Suppose -3*h + 3*r = -0*h + 9, -5*h - 3 = -r. Suppose h = -20*t + t + 323. Calculate the remainder when t is divided by 10.
7
Let w = 423 - 423. Suppose -49*a + 15*a + 952 = w. Calculate the remainder when a is divided by 8.
4
What is the remainder when (-4 - 70/(-21))*-345 is divided by 127?
103
Suppose 5*a - 321 - 184 = 4*p, 5*p + 5*a = -620. Let m = -118 - p. Calculate the remainder when 24 is divided by m.
3
Let r = 93 + -75. What is the remainder when (0 + 196/21)*(r - 0) is divided by 19?
16
Suppose -12129 = -6*a - 11757. Calculate the remainder when a is divided by 47.
15
Let b = 14085 + -13975. What is the remainder when 387 is divided by b?
57
Let p = 18 + 6. Let y = 58 + -58. Suppose -b - 9*b + 930 = y. Calculate the remainder when b is divided by p.
21
Suppose 60*f + 1142 = 1218 + 14864. What is the remainder when 776 is divided by f?
29
Suppose -3*o - 2 = -17, -6 = 2*h - 2*o. Suppose 2 = -2*a, -3*x - a + h = -18. Calculate the remainder when 26 is divided by x.
5
Suppose 547*i - 39927 - 12038 = 0. Let h = 1 - 3. Let p = h - -9. What is the remainder when i is divided by p?
4
Suppose -12*i - 263 = -1499. Let y = 112 - i. What is the remainder when y is divided by -2 - (36/2)/(-2)?
2
Let m(d) = d + 3. Let a be m(2). Suppose -y - 3*x + 8 = 0, 7*y - 66 = 3*y + a*x. What is the